ite?
False
Is 15968461 composite?
False
Is 108604709 composite?
False
Is 146133401 composite?
True
Is 96182797 composite?
False
Is 150083039 a prime number?
True
Is 4347811 composite?
True
Is 2755267 prime?
True
Is 9245573 a prime number?
False
Is 9723931 a composite number?
True
Is 41636579 a prime number?
True
Is 21772931 a composite number?
True
Is 6107417 a composite number?
True
Is 129756973 prime?
False
Is 12124654 a prime number?
False
Is 303403 composite?
True
Is 87659679 composite?
True
Is 1827279013 a composite number?
True
Is 33310777 a prime number?
True
Is 952197 prime?
False
Is 17822029 a composite number?
False
Is 1542421 a prime number?
True
Is 56293967 a prime number?
True
Is 5506931 composite?
True
Is 94803463 a composite number?
True
Is 6989947 a composite number?
False
Is 677855 a prime number?
False
Is 34461121 a composite number?
True
Is 7114573 a composite number?
False
Is 3465139 prime?
True
Is 14248757 composite?
False
Is 144948809 a composite number?
False
Is 6054861 a prime number?
False
Is 51437207 composite?
False
Is 192197842 a composite number?
True
Is 2459969 composite?
True
Is 144611 composite?
False
Is 8542207 a prime number?
False
Is 37195553 a prime number?
True
Is 25896401 a composite number?
True
Is 36902093 a composite number?
True
Is 7387349 a prime number?
True
Is 245160391 a prime number?
False
Is 3787627 composite?
False
Is 2205134 a prime number?
False
Is 3392738 composite?
True
Is 628937 composite?
False
Is 8435474 prime?
False
Is 46772339 composite?
False
Is 1259781 composite?
True
Is 11569171 a prime number?
True
Is 21701201 a composite number?
False
Is 78504359 composite?
True
Is 11845859 a composite number?
False
Is 46691121 a composite number?
True
Is 179771083 a composite number?
False
Is 11180011 a prime number?
True
Is 1821311 a prime number?
True
Is 32735035 prime?
False
Is 80962963 composite?
False
Is 171323407 a composite number?
False
Is 46353511 a prime number?
True
Is 22711594 a prime number?
False
Is 161729521 a prime number?
True
Is 1373611 a prime number?
True
Is 250636471 prime?
False
Is 15005173 a prime number?
False
Is 25868077 prime?
False
Is 272134819 composite?
True
Is 23901027 a prime number?
False
Is 19381699 prime?
True
Is 324423767 a prime number?
False
Is 22132243 prime?
False
Is 4840301 a prime number?
False
Is 1494877 a prime number?
False
Is 445679 composite?
True
Is 1716331 prime?
False
Is 13527937 composite?
True
Is 1256477 prime?
True
Is 1295594639 a prime number?
True
Is 104979181 a composite number?
True
Is 1052531 a composite number?
False
Is 6452393 a composite number?
True
Is 190594981 a prime number?
True
Is 358862363 a prime number?
True
Is 39679321 a prime number?
False
Is 126709241 prime?
True
Is 63898895 a composite number?
True
Is 25575257 prime?
True
Is 2222813 prime?
False
Is 40183739 a prime number?
False
Is 22933117 a composite number?
True
Is 13794373 a prime number?
True
Is 35263907 a prime number?
False
Is 8348189 a prime number?
False
Is 3847705 prime?
False
Is 17358641 a composite number?
False
Is 153762137 composite?
False
Is 510699671 prime?
True
Is 4712783 a prime number?
True
Is 1904746741 composite?
False
Is 70085143 prime?
True
Is 513529 prime?
True
Is 5361539 a composite number?
False
Is 272737 composite?
False
Is 430121 prime?
True
Is 189026471 composite?
False
Is 6507793 a prime number?
True
Is 161518703 composite?
False
Is 270494621 a prime number?
False
Is 5114558 composite?
True
Is 1458461 a composite number?
False
Is 166140757 a prime number?
True
Is 2425931 composite?
True
Is 865558411 composite?
False
Is 5706581 a prime number?
True
Is 18164929 a prime number?
True
Is 17827993 prime?
False
Is 45934066 a prime number?
False
Is 208659859 a composite number?
False
Is 8166883 a composite number?
True
Is 11984806 prime?
False
Is 30349567 composite?
False
Is 3283037 prime?
True
Is 53378089 composite?
False
Is 2061361 a prime number?
True
Is 332251 a prime number?
True
Is 8211871 a prime number?
True
Is 50178857 a composite number?
False
Is 144077347 a prime number?
True
Is 86524871 composite?
True
Is 22362581 a prime number?
True
Is 1316099 prime?
True
Is 23956649 composite?
True
Is 19348015 a composite number?
True
Is 8020121 a prime number?
True
Is 311327767 a composite number?
False
Is 347857577 a composite number?
True
Is 28988035 prime?
False
Is 6330481 composite?
True
Is 39521009 a composite number?
True
Is 7871779 prime?
True
Is 1145357 a composite number?
True
Is 313347269 prime?
True
Is 30064109 a composite number?
True
Is 12543769 a prime number?
False
Is 84432718 a prime number?
False
Is 89440873 a composite number?
True
Is 4264373 prime?
True
Is 5034607 a composite number?
False
Is 6483401 prime?
False
Is 7831619 composite?
True
Is 83601569 a composite number?
False
Is 25373021 a prime number?
False
Is 11424209 a prime number?
True
Is 43187231 a prime number?
True
Is 100730107 a composite number?
False
Is 56788021 a prime number?
True
Is 21738137 a prime number?
False
Is 12108997 a prime number?
False
Is 11034379 prime?
True
Is 574682701 a prime number?
False
Is 741277 a prime number?
False
Is 305899 a prime number?
False
Is 17319281 composite?
True
Is 3481063 prime?
False
Is 82122449 a prime number?
True
Is 1175053 a composite number?
True
Is 682037 a prime number?
True
Is 126014261 a prime number?
True
Is 71387 prime?
True
Is 4385243 prime?
True
Is 247019 a composite number?
True
Is 694717 composite?
False
Is 8803507 composite?
False
Is 7720919 a composite number?
True
Is 56802643 composite?
False
Is 4603009 a composite number?
True
Is 371400469 prime?
False
Is 46593199 composite?
True
Is 10829311 a composite number?
False
Is 307060414 a prime number?
False
Is 8481059 prime?
True
Is 8284637 a composite number?
False
Is 2209685 a composite number?
True
Is 4844459 a composite number?
False
Is 1026840533 prime?
False
Is 73982123 a composite number?
True
Is 5968979 a prime number?
False
Is 51665957 a prime number?
False
Is 8398597 a composite number?
True
Is 196849 composite?
True
Is 2532823 composite?
False
Is 166235 a composite number?
True
Is 37993717 a composite number?
True
Is 25518763 a composite number?
True
Is 70248773 a composite number?
True
Is 74849807 a composite number?
False
Is 1572509 a composite number?
False
Is 42488989 a prime number?
False
Is 73468211 a prime number?
True
Is 1529574763 a prime number?
True
Is 2299667 prime?
True
Is 115266059 a composite number?
True
Is 4000189 prime?
True
Is 88171807 a composite number?
True
Is 3358493 prime?
False
Is 33717 a prime number?
False
Is 3207097 composite?
True
Is 41553823 composite?
False
Is 3878479 prime?
False
Is 5866387 composite?
True
Is 85527847 a composite number?
False
Is 362166853 composite?
False
Is 316119581 a composite number?
True
Is 29434533 composite?
True
Is 4565831 a prime number?
True
Is 3372703 a prime number?
True
Is 337620683 prime?
True
Is 437435191 a composite number?
True
Is 17165123 a composite number?
False
Is 47757 a prime number?
False
Is 22495229 prime?
True
Is 6437461 prime?
False
Is 306204413 a prime number?
False
Is 134790479 a composite number?
True
Is 90347 a prime number?
False
Is 87033019 prime?
False
Is 2193805 a composite number?
True
Is 1932311 prime?
False
Is 6864541 composite?
False
Is 160307 prime?
False
Is 153668649 a composite number?
True
Is 5968019 composite?
False
Is 1045763 prime?
True
Is 391606791 a prime number?
False
Is 102308387 composite?
False
Is 176521921 a composite number?
False
Is 1474607 composite?
True
Is 212195111 a prime number?
False
Is 620743 prime?
True
Is 2267219 composite?
False
Is 1511779 prime?
True
Is 12571121 prime?
True
Is 5114827 a composite number?
False
Is 384773 a composite number?
False
Is 4299133 a prime number?
True
Is 11992609 prime?
True
Is 5682953 a composite number?
False
Is 8297659 prime?
True
Is 6331007 prime?
False
Is 889127 a composite number?
True
Is 55387159 prime?
False
Is 8008573 composite?
False
Is 47553479 a prime number?
True
Is 3883001 prime?
True
Is 196267699 composite?
False
Is 73590611 a prime number?
True
Is 57571 a prime number?
True
Is 5677579 a prime number?
False
Is 2504731 prime?
False
Is 37285921 a composite number?
True
Is 1033801639 a composite number?
Tr